1577?
83
What is the greatest common factor of 22 and 4?
2
Calculate the greatest common divisor of 64 and 1392.
16
Calculate the highest common factor of 2044 and 392.
28
What is the greatest common factor of 330 and 66?
66
Calculate the greatest common factor of 152 and 19.
19
Calculate the greatest common factor of 40 and 360.
40
What is the greatest common factor of 14 and 3178?
14
What is the highest common divisor of 29130 and 60?
30
What is the greatest common factor of 20 and 120?
20
Calculate the highest common divisor of 43 and 15781.
43
Calculate the highest common divisor of 274 and 2.
2
What is the highest common divisor of 2702 and 504?
14
Calculate the highest common divisor of 625 and 5.
5
What is the highest common factor of 483 and 168?
21
Calculate the greatest common factor of 73 and 18761.
73
What is the greatest common divisor of 781 and 55?
11
What is the greatest common divisor of 27 and 33?
3
Calculate the greatest common factor of 27960 and 360.
120
Calculate the highest common divisor of 2675 and 175.
25
What is the highest common divisor of 6586 and 267?
89
Calculate the highest common divisor of 2271 and 9.
3
What is the highest common divisor of 8 and 54?
2
Calculate the highest common factor of 3776 and 48.
16
What is the highest common divisor of 1356 and 12?
12
Calculate the greatest common divisor of 90 and 5430.
30
Calculate the greatest common divisor of 19 and 95.
19
Calculate the greatest common factor of 1040 and 390.
130
What is the greatest common factor of 252 and 63?
63
What is the highest common factor of 27412 and 140?
28
Calculate the greatest common divisor of 994 and 77.
7
What is the greatest common factor of 25 and 5575?
25
What is the highest common factor of 54 and 2286?
18
What is the highest common factor of 319 and 11?
11
Calculate the highest common factor of 63 and 27.
9
Calculate the greatest common divisor of 242 and 418.
22
Calculate the highest common factor of 12 and 1920.
12
Calculate the highest common divisor of 88 and 198.
22
What is the highest common divisor of 234 and 78?
78
Calculate the highest common divisor of 400 and 1520.
80
What is the highest common factor of 300 and 108?
12
What is the greatest common divisor of 16476 and 12?
12
What is the greatest common divisor of 760 and 95?
95
What is the highest common divisor of 62 and 1984?
62
What is the greatest common factor of 483 and 207?
69
What is the highest common divisor of 1328 and 16?
16
Calculate the highest common divisor of 71 and 4189.
71
Calculate the greatest common factor of 36 and 45.
9
What is the greatest common factor of 512 and 1568?
32
What is the highest common factor of 76 and 1786?
38
Calculate the greatest common factor of 376 and 188.
188
What is the highest common factor of 144 and 90?
18
Calculate the highest common factor of 136 and 16.
8
Calculate the highest common factor of 19386 and 18.
18
What is the greatest common factor of 13008 and 48?
48
Calculate the greatest common divisor of 88 and 308.
44
What is the greatest common factor of 293 and 19631?
293
Calculate the greatest common factor of 20 and 32.
4
Calculate the greatest common divisor of 42 and 4018.
14
What is the greatest common divisor of 49 and 2450?
49
What is the highest common factor of 18565 and 470?
235
Calculate the greatest common divisor of 80171 and 91.
91
Calculate the greatest common factor of 3824 and 16.
16
What is the greatest common factor of 400 and 320?
80
What is the highest common divisor of 220 and 28930?
110
What is the greatest common factor of 33 and 1837?
11
Calculate the greatest common divisor of 26 and 689.
13
What is the greatest common factor of 232 and 261?
29
What is the highest common factor of 99 and 45?
9
What is the greatest common factor of 5977 and 86?
43
Calculate the greatest common factor of 352 and 32.
32
What is the highest common factor of 1558 and 38?
38
Calculate the highest common divisor of 1105 and 65.
65
What is the highest common divisor of 150 and 1700?
50
What is the highest common factor of 31 and 3751?
31
Calculate the greatest common factor of 84 and 4242.
42
What is the highest common factor of 69 and 3?
3
What is the greatest common divisor of 336 and 27888?
336
Calculate the highest common divisor of 3899 and 49.
7
What is the highest common factor of 17 and 18?
1
Calculate the greatest common divisor of 276 and 2346.
138
Calculate the greatest common divisor of 207 and 46989.
207
Calculate the greatest common divisor of 56 and 35.
7
What is the greatest common factor of 81 and 2511?
81
What is the highest common divisor of 5 and 135?
5
Calculate the highest common factor of 105 and 294.
21
Calculate the greatest common divisor of 208 and 117.
13
Calculate the highest common divisor of 21957 and 13.
13
Calculate the highest common factor of 8 and 38.
2
Calculate the greatest common factor of 273 and 21.
21
Calculate the greatest common factor of 410 and 82.
82
What is the highest common divisor of 99 and 261?
9
What is the greatest common divisor of 573 and 18?
3
What is the greatest common factor of 8 and 1?
1
Calculate the highest common factor of 842 and 2.
2
What is the highest common factor of 66 and 550?
22
Calculate the greatest common factor of 1494 and 83.
83
Calculate the greatest common factor of 46 and 299.
23
Calculate the highest common divisor of 6 and 76.
2
Calculate the greatest common divisor of 183 and 61.
61
Calculate the highest common divisor of 108 and 96.
12
What is the greatest common divisor of 247 and 133?
19
What is the highest common factor of 36 and 492?
12
Calculate the highest common factor of 29 and 261.
29
Calculate the greatest common factor of 1067 and 44.
11
What is the highest common divisor of 42 and 63?
21
Calculate the highest common divisor of 117 and 18.
9
Calculate the greatest common factor of 575 and 50.
25
Calculate the greatest common divisor of 324 and 64476.
324
Calculate the highest common factor of 464 and 736.
16
What is the greatest common factor of 27 and 15?
3
Calculate the greatest common divisor of 36951 and 1017.
339
What is the greatest common factor of 15 and 305?
5
What is the greatest common divisor of 13 and 533?
13
Calculate the highest common factor of 15836 and 148.
148
What is the greatest common divisor of 595 and 459?
17
Calculate the highest common factor of 496 and 25048.
248
Calculate the greatest common divisor of 1859 and 22.
11
Calculate the greatest common factor of 6215 and 55.
55
Calculate the greatest common divisor of 436 and 240.
4
Calculate the highest common divisor of 16 and 16.
16
What is the highest common factor of 135762 and 102?
102
Calculate the greatest common factor of 10 and 3875.
5
What is the greatest common factor of 2222 and 66?
22
Calculate the greatest common divisor of 41 and 2419.
41
What is the greatest common factor of 138 and 6?
6
What is the greatest common divisor of 2 and 689?
1
Calculate the greatest common divisor of 3140 and 200.
20
What is the greatest common divisor of 510 and 3?
3
What is the greatest common divisor of 225 and 846?
9
Calculate the greatest common factor of 36 and 48.
12
What is the greatest common factor of 13785 and 30?
15
What is the greatest common factor of 917 and 35?
7
Calculate the greatest common factor of 2450 and 525.
175
What is the highest common factor of 20 and 17140?
20
Calculate the greatest common divisor of 1442 and 77.
7
Calculate the highest common divisor of 385 and 275.
55
Calculate the greatest common divisor of 1643 and 620.
31
What is the greatest common factor of 11 and 14?
1
Calculate the highest common factor of 60 and 84.
12
What is the highest common divisor of 36 and 1044?
36
Calculate the greatest common divisor of 323 and 57.
19
Calculate the greatest common divisor of 3515 and 222.
37
Calculate the greatest common factor of 40 and 2984.
8
What is the greatest common factor of 5 and 1445?
5
Calculate the highest common divisor of 6516 and 72.
36
What is the greatest common divisor of 1505 and 161?
7
What is the greatest common factor of 1679 and 292?
73
What is the highest common factor of 68 and 3604?
68
What is the greatest common divisor of 405 and 135?
135
Calculate the greatest common divisor of 505